 + 2*i + 1. Let l be 0*2/6 - 0. Suppose -2*z - 3*a - 8 = l, -a - 12 = 2*a. Suppose z*r = 4*d + 16, -r = -6*d + d - 23. Determine p(r).
9
Let k be (-7 - (-12)/30) + 4/(-10). Let g(o) = -3*o - 7. Determine g(k).
14
Let k(x) = -4*x - 8. Let d be (-1 + -2)/(9/(-24)). Let b(u) = u + 3. Let y(z) = d*b(z) + 3*k(z). Determine y(-1).
4
Let u(y) be the second derivative of y**8/6720 + y**7/840 - y**6/180 + y**5/30 - y**4/2 + 4*y. Let g(l) be the third derivative of u(l). What is g(-4)?
4
Let k(d) = -27*d + 12. Let u(h) = 7*h - 3. Let v(y) = -4*k(y) - 15*u(y). Determine v(3).
6
Let p(b) = b**2 + 4*b + 5. Let o(h) = h**2 + 4*h + 4. Let n(j) = 5*o(j) - 4*p(j). Let q(d) = -18*d + 13. Let u be q(1). Give n(u).
5
Let a(z) = 1. Let u(c) = c + 3. Let p(r) = 5*a(r) - u(r). Calculate p(-5).
7
Let p(s) = -6*s + 4. Let a(y) = -5*y + 4. Let w(z) = 7*a(z) - 6*p(z). Give w(3).
7
Let s(k) be the first derivative of 3*k**2/2 + 2*k - 67. Let p be (16/10 + -2)*-5. What is s(p)?
8
Let a = 5 + -3. Let w(q) = 9*q**2 + 2*q - 9. Let t(s) = 4*s**2 + s - 4. Let h(u) = 6*u**2 + u + 1. Let g be h(-1). Let y(z) = g*w(z) - 13*t(z). Give y(a).
4
Let v(o) = -o**2 - 10*o + 11. Let d be v(-11). Let s(n) be the third derivative of n**4/24 - 5*n**3/6 + 2*n**2. Calculate s(d).
-5
Suppose 5*g = 57 + 3. Let i = g - 12. Let z(w) = w**2 + 6. What is z(i)?
6
Let z(i) be the second derivative of -4*i + 1/12*i**4 - 5/2*i**2 + 1/6*i**3 + 0. Determine z(-4).
7
Suppose 5*b = -3*c + 31, -5*c + 5 = -5. Suppose 2*x + 3 = -b. Let n(s) = -2*s + 4. Let q(y) = -3*y + 4. Let f(v) = x*q(v) + 5*n(v). Give f(-5).
-6
Let t(s) = s**3 + s**2 - 3*s + 1. Let o be t(2). Let x(j) = -3*j**2 + 3*j + 5. Let i(b) = -2*b**2 + 2*b + 3. Let a(k) = o*i(k) - 5*x(k). Determine a(3).
2
Let p(r) be the first derivative of 3 - 1/3*r**3 - 1/2*r**2 + 6*r. What is p(0)?
6
Let k(q) be the third derivative of -q**2 + 0 - 1/2*q**3 + 0*q - 5/24*q**4. Calculate k(-2).
7
Suppose -i - i = -3*s + 11, 4*i + 3*s = -13. Let o(n) = 2*n - 3 + 5 + n. What is o(i)?
-10
Let x(l) = 2*l**2 + 6*l. Let p be (3 - 5) + 2 - 4. Give x(p).
8
Let c be 65/7 - 4/14. Suppose b - 4*b + 24 = 3*k, -c = -3*k. Let y(p) = p**2 - 5*p + 4. Determine y(b).
4
Let d(q) = -q**2 - 3*q + 2. Let j be d(-3). Let a(n) = n - 4 - j*n + 1. Let c = 1 - 5. Give a(c).
1
Let j be 4/(-18) - (-58)/18. Let a(l) = -l**2 + 2*l**2 - j*l**3 + 0*l + 10*l**3 - l. Give a(1).
7
Let o(w) = 6*w**2 + 28*w - 5. Let k be o(-5). Let h(l) = l**3 - 6*l**2 + 2*l + 6. Give h(k).
-9
Let k(a) = -a**2 - 3*a + 7. Suppose -5 = -0*j + j + f, 0 = 2*f - 2. What is k(j)?
-11
Let y(i) = -i - 2. Let d(b) = -b**3 - b**2 + b. Let p(v) = -v**2 - 3*v + 1. Let s be p(-4). Let z be d(s). Let w = 11 - z. Give y(w).
2
Suppose 0 = 5*k - 3*r - 1, -k - r + 2 = -5*k. Let v(d) = 28*d**2 + 1. Give v(k).
29
Let u = 9 + -3. Let n = -4 + u. Let w(j) = -j - j**n - 3*j + 5 + j. Determine w(-5).
-5
Let j(a) be the third derivative of a**6/120 - a**5/15 - a**4/4 + 2*a**2. Suppose 40 = 7*s + s. Calculate j(s).
-5
Let a be (0/((-1)/(-1)))/(-1). Let d = a + 0. Let l(g) = d*g**2 - 5*g + g**2 + g - 1. Give l(5).
4
Let s(y) = -2*y**2 - 10*y - 13. Let v(u) = -u**2 - 5*u - 6. Let i = -5 + 5. Let l be 0 - (i + 2)*-1. Let p(r) = l*s(r) - 5*v(r). Determine p(-4).
0
Let q(d) = -d**3 - 7*d**2 + d + 2. Let m = -29 - -22. What is q(m)?
-5
Let l(k) be the first derivative of k**2/2 - 17*k + 9. Calculate l(7).
-10
Let z(i) be the third derivative of i**4/24 - 2*i**3/3 - 2*i**2. What is z(5)?
1
Let v(w) = 10*w - 1. Suppose 8*s - 10*s - 2 = 0. What is v(s)?
-11
Suppose b = -3*b + 40. Let y(i) = b*i - 5*i - 3 + 2. Give y(1).
4
Let p(r) = -r + 4. Suppose 30 = w + 2*w. Let q = -6 + w. Calculate p(q).
0
Let n(b) = -b**2 - 2*b. Let x be n(-1). Let m(h) be the third derivative of h**5/30 + h**4/24 - h**3/6 + 3*h**2. What is m(x)?
2
Let n(p) = p**2 + 16*p - 18*p - 15 + 18 - 2*p**3. Determine n(2).
-13
Let i(r) = r - 4. Let g be i(4). Let b(z) be the second derivative of -z**3/6 + 3*z**2 - z. Give b(g).
6
Let w = 10 - 11. Let u be ((-14)/21)/(w/3). Let j(t) = t - 2*t**3 - 2*t - 2 + 4 - 4*t**u. What is j(-2)?
4
Let c(m) be the first derivative of -2*m**3/3 - m**2 + m - 1. Let i(n) = -n**2 + 6*n + 13. Let l be i(8). Calculate c(l).
-11
Let x(k) = k + 6. Let i be (14 + -16)*5/2. Determine x(i).
1
Suppose 3*v - 2*h = 47, -4*h + 2 - 51 = -3*v. Let l be (-10)/v - (-4)/6. Let k(y) = -y - 6. Give k(l).
-6
Let v(y) = -3*y - 1. Let b be 4/14 + 19/7. Suppose -4*d + b*d + 6 = -3*n, d - 4*n = 7. Suppose -f + 4*f - d = 0. What is v(f)?
-4
Let v(r) = -r**2 + r + 3. Suppose 2*n + 2*n - 30 = 2*o, -2*o = 3*n + 37. Let p = o - -14. What is v(p)?
-9
Suppose r + 6 - 27 = 0. Let i be 17/5 + r/35. Let t(m) = -m**2 + 2*m**2 + 0*m - i - 2*m. Calculate t(3).
-1
Let o(f) = -f + 1. Let q = 18 - 16. Calculate o(q).
-1
Let l = -17/2 - -9. Let j(z) be the third derivative of 1/24*z**4 + 0*z + 2*z**2 - l*z**3 + 0. Give j(4).
1
Let i(h) = 7*h - 8. Let g(k) = 8 + 17*k - 12*k - 11*k. Let n(z) = -6*g(z) - 5*i(z). Determine n(6).
-2
Let p be (-2)/2 + -3 - -2. Let w(r) = 5*r + 2. What is w(p)?
-8
Let f = 1 + 2. Let h = f + -1. Let o(r) = 5*r + 1. Let x(c) = 6*c + 2. Let n(t) = -3*o(t) + 2*x(t). Determine n(h).
-5
Let k be 34/(-8) + (-3)/4. Let i(j) = j**2 + 5*j - 7. Calculate i(k).
-7
Let k(d) = -d**3 + 7*d**2 - 9*d + 8. Let o be -9*((-8)/6)/2. Calculate k(o).
-10
Let g(b) be the second derivative of b**4/12 + b**3/6 - 3*b. Let q(h) = 4*h**2 + 6*h + 3. Let x(j) = -3*g(j) + q(j). What is x(-3)?
3
Suppose 2*t - 20 = 5*u, u - 7 = 2*t - 3. Let z(w) be the third derivative of w**4/12 + 7*w**3/6 + w**2. What is z(u)?
-5
Let n(f) = f + f - 7*f. Let x(q) = -6*q - 1. Suppose 39*p - 37*p + 8 = 0. Let z(t) = p*x(t) + 5*n(t). What is z(3)?
1
Let d = -9 + 3. Let z(m) be the first derivative of -m**2/2 - 2*m - 2. Determine z(d).
4
Let p = 7 + -12. Let y(s) = s**3 + 5*s**2 + 7. What is y(p)?
7
Let s be (-2)/5*(-20)/(-4). Let o(r) = -r + 2. Let f be o(s). Suppose -25 + 9 = f*w. Let t(b) = -b**3 - 5*b**2 - 6*b - 1. Determine t(w).
7
Let a be (-8)/(-28) - 38/(-14). Let o(d) = -4*d**a + d**2 - 3*d + 2 + 2*d**3 + 4*d. Determine o(2).
-8
Let m(x) = x**2 - 6*x - 2. Let k(w) = 2*w - 3. Let p be k(-5). Let o = p + 18. Give m(o).
-7
Suppose 30 - 2 = 4*v. Suppose 0 = -3*h + h - 5*q - v, 0 = 3*q + 9. Let u(l) = -2*l + 15. Let i(t) = -t + 7. Let p(f) = 5*i(f) - 2*u(f). Calculate p(h).
1
Let l(r) be the first derivative of 3*r**4/4 - 4*r**3/3 - 2*r**2 - 4*r + 4. Let v(b) = b**3 - b**2 - b. Let q(a) = -l(a) + 4*v(a). What is q(0)?
4
Suppose -3*g = 0, 6 = -z - 3*g - 0*g. Let f be -1 - -6*(-3)/z. Let d(t) = -f*t + t + t + 2*t. Give d(-1).
-2
Let z(s) be the third derivative of -s**6/24 + s**5/60 - s**3/6 + s**2. Determine z(1).
-5
Suppose -5*j + 7 = -18. Suppose 2*c - 5*n = 27, 2*c - 2*n - 7 = j*c. Let q(k) = 2*k - 3*k + 3*k + c - 4*k - 9*k**2. Give q(1).
-10
Let z(g) = 7*g - 1. Suppose -8 = -5*d - 3. Suppose -d = -2*j + 1. What is z(j)?
6
Let i(y) = 3*y + 9. Let w be i(-4). Let t(k) = 2*k**2 + 4*k + 2. Calculate t(w).
8
Let q be 3/(2 - -1)*-4. Let f(x) be the third derivative of -x**5/60 - x**4/12 + 5*x**3/6 - x**2. What is f(q)?
-3
Suppose 5*c + 0*d = -3*d + 29, -2*d = c - 10. Suppose z - 2*r = -1, 4*z - 5*r + 4 - 6 = 0. Let b(h) = -h**2 - 3*h**2 + 0*h**z + h**3 + 5. Give b(c).
5
Let s be 4/10 + (-299)/(-65). Let a(w) = -w**2 + 6*w + 1. Calculate a(s).
6
Let z(b) = 1 + 0 + 16*b - 4*b. Calculate z(-1).
-11
Let d(y) = 3*y - 8*y - 3 + 5 + 6*y. Calculate d(-2).
0
Suppose -p - 1 = -8. Let m(w) = 0*w**2 - p - w**2 + 6. Calculate m(1).
-2
Let y(o) = 9*o**2 + 3*o + 8. Let c(n) = 8*n**2 + 2*n + 7. Let k(q) = 6*c(q) - 5*y(q). Determine k(3).
20
Let n(l) = l - 2. Let m(c) = -1. Let j(y) = m(y) - n(y). Let q be 4 + 2/(-2) + -3. Give j(q).
1
Let j be (-12)/18 + (-1)/3. Let z(n) = n. Let h(y) = 14*y. Let a(l) = 6*h(l) - 77*z(l). Determine a(j).
-7
Let c be (0 + 2)*1 - -2. Let j(q) be the first derivative of -q - 1 - 1/2*q**2. Give j(c).
-5
Let o(z) be the third derivative of -13*z**7/5040 + z**6/720 + z**5/20 - 5*z**2. Let s(y) be the third derivative of o(y). What is s(1)?
-12
Let m(r) = -r**3 + 5*r**2 - r + 6. Let y be (2 - 1) + 1 + 1. Let f be (10/y)/(6/9). Determine m(f).
1
Let d be (-4)/(-6)*(-6 - 18/4). Let k(p) be the third derivat